e highest common factor of s and k.
2
Let g be (-3)/((-4700)/(-340) + -14). Calculate the highest common factor of g and 612.
17
Let y be (-25)/15 + 170/210 - (-20430)/70. Calculate the greatest common divisor of y and 6887.
97
Let a be (-180)/(-135) + 158/(-6). Let h be 1408/40 + (-20)/a. What is the greatest common factor of h and 4?
4
Suppose -v = 6*v + 28. Let n(o) be the second derivative of -o**3/2 - o**2/2 - 34*o. Let p be n(v). Calculate the highest common factor of 88 and p.
11
Suppose 6*j = 48 + 36. Suppose 9*b + 12852 = 43*b. What is the greatest common divisor of b and j?
14
Suppose 2702 = -10*n - 4078. Let y = n + 1349. What is the highest common factor of 61 and y?
61
Suppose 138*q + 2529 = 143*q + 3*b, -2*q - 4*b = -1020. Calculate the highest common divisor of q and 372.
12
Suppose -101 + 441 = 5*o. Let m = -150 + 148. Let q be (((-5)/(-2))/(-1))/(m/o). What is the greatest common divisor of q and 34?
17
Let c(p) = 208*p**2 - 1497*p - 8. Let g be c(10). What is the greatest common divisor of 123 and g?
41
Let q be ((-22)/4)/((-2)/4). Suppose -12*d = -q*d - 2039. Suppose 7*y + 499 = d. What is the greatest common divisor of y and 22?
22
Let l be 6 - (6 - 330) - (-4 + 2). Let d = l - 304. What is the greatest common factor of d and 1?
1
Suppose 5*r + 0*n + 2*n = 311, r = n + 58. Suppose -3*u - 19 = -r. What is the highest common divisor of u and 28?
14
Let b be (-1 + -62)/(1/(-7)). Let d be ((-111)/(21978/(-88)))/((-8)/(-324)). What is the greatest common factor of b and d?
9
Let t(s) = s**3 - 8*s**2 + 8*s + 5. Let c be t(7). Suppose -c*k = -6380 + 2096. Suppose -857 = -2*d - k. Calculate the greatest common divisor of 50 and d.
50
Let j(h) = -h**3 + 8*h**2 + 3*h + 5. Let r be j(7). Suppose 12*g - 216 - 84 = 0. What is the greatest common divisor of g and r?
25
Suppose 70 = 2*o + 5*y - 56, -4*y = o - 69. Suppose 248 = 5*t + o. What is the greatest common factor of 12 and t?
3
Let s be (-140)/(-56)*(-24)/(-10). Let t be 7 + (1/(-7) - s/7). What is the greatest common divisor of t and 201?
3
Suppose 0 = 5*o - 18 - 2. Suppose -o*r + 18 = -t, -t + 12 = -r + 3*r. Let k be 1170/20*t/3. Calculate the highest common divisor of k and 26.
13
Let d be (-527160)/(-20246) + 4/(-106). Calculate the highest common divisor of 33722 and d.
26
Let d(n) = n**3 - 6*n**2 - 19*n - 3. Let c be d(8). Let h be 72/c*(1 + -16). Calculate the greatest common divisor of 40 and h.
40
Let s be (-22)/(-44) - (-23)/4*30. Let i = -137 + s. Calculate the highest common divisor of 72 and i.
36
Let f(t) = 13*t - 3. Let u be f(1). Suppose 8*i - 68 = u*i. Let d = 48 + i. Calculate the greatest common divisor of d and 35.
7
Let l(v) = 2*v**2 + 54*v - 86. Suppose -p + 88 = 5*f + 243, 0 = 5*f + 3*p + 155. Let j be l(f). What is the highest common factor of j and 81?
81
Suppose -11*u = 3*t - 11541, -13*u = 2*t - 18*u - 7694. What is the greatest common factor of t and 1?
1
Let r = -34162 + 61963. What is the highest common divisor of r and 9?
9
Let u be 4/(-34) - -40*11808/1088. Calculate the greatest common factor of 124 and u.
62
Let k = 8883 - 8851. Calculate the greatest common divisor of 112 and k.
16
Let t = -1746 + 1756. Let b be 80/28*14/2. What is the greatest common factor of t and b?
10
Let u be 1 + 30994/(-8) + 77/308. Let g = -2332 - u. What is the highest common factor of g and 23?
23
Suppose -4600 = 36*w - 44*w. Let b be (-5)/(-2)*(2 + 0). Suppose h = -4*j + 445, b*j + h = -4*h + w. Calculate the greatest common divisor of 44 and j.
22
Let r(u) = -u**3 - 5*u**2 - u + 10. Suppose -8 = 3*j + 7. Let n be r(j). Suppose 2*d - 660 = -2*d. What is the greatest common factor of d and n?
15
Suppose 377*x = 472*x - 279015. What is the highest common divisor of 33 and x?
33
Let f be 5/(-20) - 13/(-4). Let g be 8/((-4)/(-102)*f). Suppose 5*c - 4*y = 162, 2*c + 3*y + 0*y = 74. Calculate the highest common factor of g and c.
34
Suppose 0 = 4*b + 4*y - 96, 0*b - b - 4*y + 39 = 0. Suppose 0 = 2*m + 4*v - 172, 3*v = -28*m + 31*m - 213. What is the greatest common factor of m and b?
19
Let n(y) = -y**3 + 4*y**2 + 6*y - 2. Let f be n(3). Suppose 23 = -f*q + 398. Let s be ((-2)/4)/(2/(-60)). Calculate the greatest common factor of q and s.
15
Let q = -4146 + 4470. What is the highest common divisor of 1152 and q?
36
Suppose -18*p - 12*p = -33*p + 144. Calculate the highest common factor of p and 228.
12
Let u(r) = 15*r**2 - 5*r + 1. Let p be u(4). Let l = -9153 - -9166. Calculate the greatest common factor of p and l.
13
Let r(y) = -y**3 - 10*y**2 - 31*y - 151. Let p be r(-13). Calculate the greatest common factor of 299 and p.
23
Let g(a) = 30*a**2 + 17*a - 9. Let v be g(-4). Let s = -337 + v. What is the greatest common divisor of s and 154?
22
Let l(y) = -63*y**3 + 11*y**2 - 6*y + 3. Let k be l(2). Let g = k - -570. What is the greatest common factor of 303 and g?
101
Suppose -b - 5*k - 19 = 2*b, 0 = k + 5. Let t be 1 + b + 28 + 1. Let h = -254 + 262. Calculate the highest common divisor of h and t.
8
Suppose 0 = 14942*n - 14943*n + 23. Calculate the greatest common factor of n and 3266.
23
Let y be (-39)/((-9867)/22) - 688/(-23). What is the greatest common divisor of y and 22?
2
Let k be (-1)/((-10)/(-75))*258/(-15). What is the highest common divisor of k and 1892?
43
Let x be (-42)/4*(-2 - (-42)/9). Let k be ((-7)/28)/(1/x). Suppose k*l + 0*l = 14. What is the highest common factor of l and 8?
2
Let m be -10*21/(-30) + -4. What is the greatest common factor of m and 12?
3
Let g be 2 - -590 - (2 - (1 - 0)). Let s = -384 + g. Let v be -9 - (-1 - 5) - (-26 - 0). What is the greatest common factor of s and v?
23
Suppose j = 241*w - 238*w - 24, 2*w - 8 = 2*j. Calculate the highest common divisor of 3730 and w.
10
Let n(y) = -y**3 + 3*y**2 + 3*y - 294. Let z be n(0). Let f = -257 - z. What is the greatest common factor of 37 and f?
37
Suppose -3*x - 4*o = -676, 5*o + 596 = -3*x + 1270. What is the greatest common factor of 7923 and x?
57
Let g(c) = 14*c**3 + 3*c**2 - 34*c + 64. Let q be g(2). Let t = -18 + 48. Calculate the greatest common factor of t and q.
30
Suppose 5*v + 5*x - 795 = 0, -318 = -2*v - 0*x - 4*x. Let m = -95 + v. Suppose -5*f = -m - 76. What is the greatest common factor of 42 and f?
14
Let n = -31 - -34. Suppose 0 = -l + n*l - 10. Suppose l*z - 1100 = z. What is the greatest common factor of z and 25?
25
Suppose -5*o = -2*d - 2*d - 674, o - 135 = d. Suppose 2*y = 3*j + 61, 4*y = 12*j - 10*j + o. What is the highest common divisor of y and 28?
7
Let y(n) = 5*n**2 + 124*n + 1472. Let z be y(-13). What is the greatest common factor of 1833 and z?
141
Let m = 50 + 76. Suppose 50 = 2*s - m. Let f(y) = 7*y + 1. Let u be f(3). What is the highest common divisor of s and u?
22
Suppose 0 = -4*c - 20, c - 45 = -3*y + 4*c. Suppose -l = -51 + 47. Suppose 26 = l*p + y. Calculate the greatest common factor of 1 and p.
1
Let i = 1169 - 914. Calculate the highest common factor of 120 and i.
15
Let h be (-3)/(-36)*4*0. Suppose h = -2*l - 4*o + 456, 8 = -3*o - 1. Calculate the highest common divisor of l and 18.
18
Let h be (0 + 1)/(15/30). Let i(q) = -35*q - 205. Let r be i(-6). Calculate the greatest common divisor of r and h.
1
Suppose -4*r = -a - 2*r + 144, -3*a + 412 = 4*r. Let u = 448 + -452. Let t(z) = 4*z**2 + 11*z. Let v be t(u). What is the greatest common divisor of a and v?
20
Let t = -3701 - -3764. Calculate the highest common factor of t and 216.
9
Suppose 0 = -5*j - 3*k + 6*k + 438, 2 = -2*k. What is the greatest common factor of j and 2581?
29
Suppose -g = k - 1529, g + 958 = -3*k + 5559. Calculate the highest common divisor of k and 36.
12
Let y(w) = 3805*w - 87503. Let h be y(23). Let v be 3/(6/4 - 1). Calculate the highest common divisor of v and h.
6
Let q = -44 - -274. Let c = 238 - q. What is the highest common factor of c and 16?
8
Suppose -42*r + 47*r = -5*h + 155, -3*r + 2*h + 73 = 0. Let b(z) = 5*z**3 + 2*z**2 + z - 5. Let l be b(4). What is the highest common factor of l and r?
27
Suppose c = 2*s + 114, -5*s + 72 = -156*c + 157*c. Calculate the highest common divisor of c and 2482.
34
Suppose 120 = -t + 4*t. Let i = 175 - 170. Suppose -41 = -i*y - z, 3*y - 2*z - 30 = -8. What is the highest common factor of y and t?
8
Suppose 0 = -4*f - 3*v + 